 Suppose 0 = -x*o + o + 174. What is the units digit of o?
8
Let z be (-680)/(-3) - 2/3. Let c = z - 120. What is the units digit of c?
6
What is the tens digit of 3071/8 + 3/24?
8
Suppose a = 6*a - 5. Let s be 1*(a/1 + -1). Suppose -5*h + 3*h + 90 = s. What is the units digit of h?
5
Suppose -12*j = -2264 - 44740. What is the hundreds digit of j?
9
Let y(t) = -1334*t - 4. What is the tens digit of y(-1)?
3
Let j(y) = -3*y - 42. Let p be j(-16). What is the tens digit of (((-18)/4)/3)/(p/(-732))?
8
Let i(o) = 265*o - 696. What is the units digit of i(13)?
9
What is the thousands digit of 386/((-1)/(-50)*10)?
1
Let p(y) = -84*y - 1. Let g be p(-6). Let q = -336 + g. What is the tens digit of q?
6
Let r = 299 - 130. Let t = -98 + r. Suppose 4*f - 5*s - 14 = 2*f, -5*s + t = 3*f. What is the tens digit of f?
1
Let l = -69 - -136. Suppose 6*c - l - 71 = 0. What is the units digit of c?
3
Let z(r) = r. Let n = -2 - 4. Let d be z(n). What is the units digit of d/(-21) - 19/(-7)?
3
What is the thousands digit of 2 + 2 + 3 - (-2960 + 0)?
2
Suppose 2*d - o + 126 = -3*o, d + 55 = o. Let a = d - -154. What is the units digit of a?
5
Let y(l) = -l**3 + 4*l + 750. What is the tens digit of y(0)?
5
Let x = -573 - -1100. What is the tens digit of x?
2
Let j(q) = 14*q**2 - 5 + 10 - 2*q + q**3 - 9*q**2 + 4*q**2. What is the units digit of j(-7)?
7
Let f be 3/(-1) + 19 - -3. Let l = f + 4. What is the tens digit of l?
2
Suppose 5 + 7 = 2*o + 4*q, -q + 3 = 3*o. Suppose g = o, 3*p + 346 = 5*p + 4*g. Suppose -5*v + p = -102. What is the units digit of v?
5
Let v = -8 - -11. Suppose -v*f + f = -4. Suppose -f*k + 63 = k. What is the tens digit of k?
2
Suppose -8 = j - 4*j + 2*q, 3*j + 12 = -3*q. Suppose 0*s - 5*s + 2*n + 426 = j, -156 = -2*s - 4*n. What is the units digit of s?
4
Let h(k) = k + 2. Let z be h(-7). What is the tens digit of 476/6 - z/(-15)?
7
Suppose 4*v - 6084 = -5*v. What is the hundreds digit of v?
6
Let j(u) = 4*u**2 - 2*u - 1. Let r be ((-10)/8)/((-2)/16). Let x be 2/r + (-28)/(-10). What is the units digit of j(x)?
9
Suppose 10*y + 4 = 12*y. Suppose -y*l - 112 = -6*l. Let j = -10 + l. What is the units digit of j?
8
Let o be 12/3*(-5 - -4). Let j = o + 25. What is the units digit of j?
1
Let q be (-4 + 0)/(-2) + 2. Suppose 4*x + d = q*d - 85, 5*x + 135 = -2*d. Let o = x + 67. What is the units digit of o?
2
What is the units digit of -1*(1*-26)/(6/84)?
4
Let c(b) = 2 - 10*b + 2 - 8 + 2. What is the tens digit of c(-4)?
3
Let a = -60 - -65. Suppose 408 = 11*g - a*g. What is the units digit of g?
8
Let q = -490 + 489. Suppose -2 - 5 = -a. Let m = a + q. What is the units digit of m?
6
Suppose 4*a - 294 = -2*i + 6*a, -2*a - 446 = -3*i. Let w = -106 + i. What is the units digit of w?
6
Suppose 46*w + 39380 = 57*w. What is the hundreds digit of w?
5
Let w(p) = 64*p**2 - 17*p - 39. What is the units digit of w(-4)?
3
Suppose -2*p = p - 63. Let v = 1 - 3. What is the units digit of p + 6*v/4?
8
Let l(u) be the second derivative of 4/3*u**3 + 0 - 9/2*u**2 - 3*u - 1/20*u**5 + 5/12*u**4. What is the units digit of l(6)?
3
Suppose 15*d - 28588 = 4442. What is the hundreds digit of d?
2
Let p = 109 + -103. Suppose -p*l + 14 + 946 = 0. What is the tens digit of l?
6
Let r(h) = h - 11. Let q be r(7). Let x(t) = 4*t**2 + t + 9. Let d(j) = -11*j**2 - 4*j - 27. Let o(v) = -3*d(v) - 8*x(v). What is the units digit of o(q)?
9
Let j = -17 - -19. Suppose j*f - 8 = -2*f. Suppose -f*n + 10 = -22. What is the tens digit of n?
1
Let t(y) = 0*y - 5*y + 10*y**2 - 4 + y - 25*y**2. Let a(q) = 30*q**2 + 7*q + 7. Let h(f) = 3*a(f) + 5*t(f). What is the tens digit of h(-1)?
1
Let f be ((-7)/(-4))/(4/16). Let a(h) = -5*h**2 - 3*h + 12. Let w(n) = -4*n**2 - 2*n + 11. Let l(v) = f*w(v) - 6*a(v). What is the units digit of l(-5)?
5
Let c(r) = 1020*r - 1073. What is the hundreds digit of c(6)?
0
Suppose -32*x + 37*x + 1370 = 0. Let g = -122 - x. What is the units digit of g?
2
Let o(s) = 67*s - 4. Let h be o(-4). Let d = -140 - h. What is the tens digit of d?
3
Let j = -72 - -71. What is the tens digit of (7 + j)*220/45*3?
8
Let c(x) = 115*x + 25. Let w(l) = -58*l - 13. Let p(z) = -6*c(z) - 13*w(z). What is the tens digit of p(3)?
1
Suppose -344 + 23808 = 8*g. What is the tens digit of g?
3
Suppose 5*j - 42 = 3*y, 0 = 3*y - y + 8. Let v(b) = b**3 - 7*b**2 + 5*b + 3. Let o be v(j). Let p(u) = -u**2 - 3*u + 3. What is the units digit of p(o)?
3
Let m(s) = 3*s - 1. Let o be m(1). Let y(p) = -7*p - p**o - p - 12 + 14*p + 11*p. What is the units digit of y(11)?
4
Suppose 327 = -3*i - 66. Let y = 195 + i. What is the units digit of y?
4
Let f = -3555 + 4990. What is the units digit of f?
5
Let v be 21 - (-3 + 0)/(-3). Let i = -29 + 26. Let g = i + v. What is the tens digit of g?
1
Suppose 66 + 89 = 5*s. Suppose -s = -2*j + 143. What is the units digit of j?
7
Let o = 3073 - 1453. What is the units digit of o?
0
Let y(k) = -k**2 - 7*k - 8. Let s be y(-5). Suppose 11 = -n - 6*u + s*u, 5*n + 2*u = 17. What is the units digit of n?
5
Suppose 5*y - 5*v = 2025, -2*y + 3*v + 807 = 2*v. Suppose 0*p - i = p - 80, -5*p - 4*i = -y. What is the units digit of p?
2
Let c(t) = -t + 36. Let o be c(11). Suppose 139 = 3*i + o. What is the tens digit of i?
3
Suppose -5*j = -h + 5*h - 3252, -2*h - 3*j = -1628. What is the hundreds digit of h?
8
Let m(o) = -4*o**3 - 6*o**2 - 3*o - 1. Suppose -3*y - 12 = -3. What is the tens digit of m(y)?
6
Let o = -694 + 879. What is the tens digit of o?
8
Suppose 2*t = 4*z + t - 31, -23 = -3*z + t. Suppose -z*o = -o - 364. What is the tens digit of o?
5
Suppose 0 = -3*k + 1160 + 61. What is the hundreds digit of k?
4
Let s(f) = 28*f - 149. What is the hundreds digit of s(19)?
3
Let m be 3*(10 - -1) + -4. Let w = m + -18. Suppose 140 = w*n - 6*n. What is the units digit of n?
8
Suppose -5*r - 3*l - 9 - 6 = 0, -r = 4*l + 20. Let f(o) = -2*o + 17. Let j be f(6). Suppose r = -j*w + 189 - 14. What is the units digit of w?
5
Suppose -4*g = -5*n - 1753, -3*n + 8*n = 15. What is the hundreds digit of g?
4
Suppose 7*l - 2274 = -615. Let k = l - 149. What is the tens digit of k?
8
Let s(y) be the second derivative of 23*y**3/6 - 11*y**2 + 7*y. What is the tens digit of s(5)?
9
What is the hundreds digit of 4/16 + ((-4794)/(-24) - -1)?
2
Let d(l) = -l**2 - 20*l + 13. Let k be ((-10)/20)/(2/80). What is the tens digit of d(k)?
1
Suppose -2*i + 8*z + 13172 = 0, 8*i = 13*i - 5*z - 32990. What is the tens digit of i?
0
Suppose -3*p = 4 + 14. What is the tens digit of 4 - 9/p*10?
1
Let j(u) = -u**2 + 2*u + 6. Let x be j(0). Let d(z) = z**3 - 17*z + 15. What is the tens digit of d(x)?
2
Suppose 7*m - 3*m = 0. Suppose 2*t + 3*h - 25 = m, -t + 71 = 4*t - h. Suppose -t - 14 = -4*d. What is the units digit of d?
7
Let a(j) be the first derivative of 2*j**3/3 - 8*j**2 - 47*j - 50. What is the tens digit of a(-7)?
6
Let o(x) = -3*x - 6 - 3 + 27*x**2 + 7. Let b be o(-2). Suppose p = -p + b. What is the units digit of p?
6
Let j(i) be the second derivative of i**4/12 - 5*i**3/6 + 2*i**2 + 14*i. What is the tens digit of j(-8)?
0
Let r = -148 + 213. What is the tens digit of r?
6
Suppose 5*r = 4*q + 6790, 3*q - 5468 = -4*r - q. What is the hundreds digit of r?
3
Let r be (-18)/30 + 0 + 14666/10. Suppose r = 13*y - 276. What is the units digit of y?
4
Let c = 246 - -2082. What is the hundreds digit of c?
3
Suppose 3*q + q = 5*w + 7678, 9618 = 5*q + 4*w. What is the units digit of q?
2
Let z(d) = 5*d**2 + 1. Let s(o) = o + 0 - 9 + 15. Let k be s(-8). What is the tens digit of z(k)?
2
Let w(n) = -13*n + 153. What is the units digit of w(-16)?
1
Let m = 95 - 92. Let i be (-8 + 1 - -1)/(-2). Suppose 7 = 5*n + 4*z - 44, 0 = i*z + m. What is the units digit of n?
1
Let h(m) = m**3 + 34*m**2 - 15*m + 38. What is the units digit of h(-34)?
8
Suppose 38*z - 8*z - 5910 = 0. What is the units digit of z?
7
Let y(n) = n**3 + 4*n**2 + 4*n + 5. Let f be y(-4). Let p be (-35)/f + (-8)/44. Suppose 5*l - 1 = v + 10, p*v - 9 = l. What is the units digit of v?
4
Let y = -16 + 21. Suppose 0*v + 2*k - 270 = -y*v, -k + 57 = v. What is the tens digit of v?
5
Let z(s) = -s**3 + 19*s**2 - 21*s + 36. What is the hundreds digit of z(17)?
2
Let t(n) = 2*n + 528. What is the units digit of t(11)?
0
Let t = -11 - -15. Let p